s -4 (base 14) in base 9?
-4
What is 26 (base 8) in base 12?
1a
What is 5 (base 14) in base 8?
5
What is 1a (base 14) in base 9?
26
3 (base 11) to base 5
3
Convert -104 (base 7) to base 6.
-125
1 (base 10) to base 14
1
What is 186 (base 13) in base 9?
340
What is -10 (base 2) in base 15?
-2
2 (base 3) to base 16
2
What is -4 (base 12) in base 16?
-4
What is 4 (base 7) in base 10?
4
Convert -10 (base 12) to base 4.
-30
1000 (base 5) to base 16
7d
-1010 (base 2) to base 4
-22
3 (base 5) to base 10
3
What is 14 (base 6) in base 8?
12
What is -c (base 16) in base 2?
-1100
Convert -12 (base 4) to base 12.
-6
Convert 100011 (base 2) to base 10.
35
Convert 0 (base 14) to base 2.
0
72 (base 11) to base 8
117
-97 (base 13) to base 14
-8c
Convert 9 (base 12) to base 14.
9
What is -c (base 16) in base 12?
-10
-223 (base 5) to base 11
-58
Convert -7 (base 11) to base 6.
-11
Convert -1000000 (base 2) to base 13.
-4c
Convert 3 (base 15) to base 5.
3
Convert 100100 (base 2) to base 9.
40
233 (base 12) to base 7
645
Convert 1 (base 8) to base 4.
1
2 (base 11) to base 5
2
What is -28 (base 15) in base 14?
-2a
What is 16 (base 12) in base 5?
33
-2 (base 7) to base 14
-2
What is -4b (base 13) in base 16?
-3f
What is 246 (base 9) in base 3?
21120
What is 0 (base 11) in base 9?
0
Convert -1a (base 14) to base 13.
-1b
What is 0 (base 13) in base 16?
0
Convert -15 (base 9) to base 10.
-14
What is 49 (base 12) in base 15?
3c
Convert -28 (base 11) to base 16.
-1e
Convert 3 (base 16) to base 2.
11
Convert 0 (base 7) to base 10.
0
What is 1 (base 8) in base 7?
1
What is c (base 13) in base 2?
1100
Convert -120 (base 3) to base 9.
-16
What is -10 (base 6) in base 2?
-110
Convert 30 (base 10) to base 6.
50
-111 (base 2) to base 5
-12
What is 4 (base 6) in base 5?
4
Convert 5 (base 7) to base 11.
5
Convert -33 (base 4) to base 12.
-13
2 (base 14) to base 5
2
112 (base 4) to base 14
18
-45 (base 6) to base 9
-32
What is -5 (base 6) in base 13?
-5
What is 111 (base 2) in base 6?
11
Convert -11 (base 10) to base 12.
-b
11 (base 4) to base 7
5
What is -7 (base 12) in base 8?
-7
-100 (base 6) to base 5
-121
14 (base 7) to base 4
23
-122 (base 3) to base 4
-101
28b (base 12) to base 4
12023
What is -100 (base 2) in base 4?
-10
What is 0 (base 5) in base 2?
0
What is 1c (base 15) in base 2?
11011
1 (base 4) to base 11
1
56 (base 9) to base 2
110011
What is -1a (base 13) in base 12?
-1b
Convert -8 (base 14) to base 4.
-20
-108 (base 10) to base 14
-7a
What is 9 (base 10) in base 16?
9
-1201 (base 3) to base 6
-114
What is -3 (base 7) in base 15?
-3
Convert -122 (base 4) to base 3.
-222
9 (base 15) to base 9
10
What is -66 (base 11) in base 15?
-4c
-5 (base 12) to base 10
-5
What is -4 (base 8) in base 7?
-4
Convert -1001010 (base 2) to base 4.
-1022
14 (base 9) to base 12
11
52 (base 16) to base 11
75
Convert 201 (base 3) to base 10.
19
Convert 3 (base 5) to base 11.
3
What is -1c (base 15) in base 2?
-11011
What is 13 (base 4) in base 13?
7
56 (base 9) to base 10
51
Convert -11 (base 9) to base 10.
-10
What is 133 (base 4) in base 2?
11111
128 (base 10) to base 15
88
Convert 13 (base 8) to base 7.
14
Convert -28 (base 16) to base 3.
-1111
What is 2 (base 14) in base 16?
2
What is 11010 (base 4) in base 11?
275
-120 (base 4) to base 9
-26
Convert 4 (base 10) to base 12.
4
-201 (base 4) to base 9
-36
-12 (base 5) to base 12
-7
What is 10 (base 3) in base 4?
3
Convert 111 (base 3) to base 14.
d
-4 (base 13) to base 16
-4
Convert -13 (base 4) to base 9.
-7
What is -19 (base 13) in base 7?
-31
What is -1221 (base 3) in base 11?
-48
8 (base 13) to base 6
12
What is -5 (base 10) in base 2?
-101
What is -10 (base 15) in base 12?
-13
Convert -4 (base 13) to base 4.
-10
What is -12 (base 5) in base 11?
-7
8 (base 16) to base 9
8
What is 85 (base 13) in base 11?
9a
Convert -44 (base 6) to base 8.
-34
What is a (base 12) in base 11?
a
What is 7 (base 14) in base 6?
11
What is -1 (base 9) in base 7?
-1
Convert -18 (base 13) to base 7.
-30
Convert -15d (base 14) to base 11.
-234
What is -3 (base 12) in base 10?
-3
What is 1 (base 10) in base 14?
1
What is -1001 (base 4) in base 8?
-101
Convert 1 (base 14) to base 10.
1
What is 118 (base 9) in base 13?
77
16 (base 15) to base 4
111
What is -2 (base 15) in base 16?
-2
7 (base 16) to base 11
7
-3 (base 11) to base 10
-3
What is -5 (base 10) in base 9?
-5
-1 (base 6) to base 14
-1
What is 1111 (base 2) in base 4?
33
What is 45 (base 14) in base 4?
331
2 (base 15) to base 2
10
Convert 74 (base 8) to base 3.
2020
What is -331 (base 8) in base 2?
-11011001
What is 4e (base 16) in base 4?
1032
-31 (base 7) to base 10
-22
-1 (base 12) to base 5
-1
-4 (base 11) to base 14
-4
What is 25 (base 10) in base 9?
27
What is 10 (base 4) in base 9?
4
What is 32 (base 8) in base 15?
1b
What is -21 (base 6) in base 16?
-d
3 (base 13) to base 15
3
0 (base 9) to base 11
0
-125 (base 12) to base 15
-b8
-314 (base 6) to base 12
-9a
Convert -11 (base 3) to base 2.
-100
What is 3 (base 9) in base 12?
3
1110 (base 2) to base 3
112
Convert 3 (base 9) to base 4.
3
Convert -101 (base 2) to base 7.
-5
Convert 5 (base 8) to base 3.
12
38 (base 12) to base 5
134
What is -7 (base 8) in base 7?
-10
-5 (base 8) to base 11
-5
12 (base 15) to base 12
15
What is -36 (base 12) in base 4?
-222
What is 33 (base 4) in base 2?
1111
Convert -100 (base 3) to base 16.
-9
Convert -50 (base 7) to base 16.
-23
21 (base 5) to base 10
11
21 (base 4) to base 16
9
122 (base 6) to base 5
200
What is -bb (base 14) in base 10?
-165
-f (base 16) to base 2
-1111
What is 85 (base 15) in base 3?
11122
Convert -1001010 (base 2) to base 11.
-68
What is -3 (base 13) in base 10?
-3
Convert 11200 (base 3) to base 4.
1332
-10010 (base 2) to base 6
-30
Convert 2 (base 15) to base 13.
2
What is 8 (base 12) in base 10?
8
What is -10 (base 14) in base 10?
-14
What is 0 (base 4) in base 12?
0
What is -10001100 (base 2) in base 10?
-140
What is 37 (base 10) in base 4?
211
What is -110100 (base 2) in base 10?
-52
What is -110 (base 3) in base 11?
-11
Convert 2 (base 12) to base 6.
2
Convert -30 (base 4) to base 6.
-20
Convert -1132 (base 4) to base 11.
-86
What is b (base 16) in base 11?
10
What is 9 (base 10) in base 8?
11
-104 (base 7) to base 10
-53
Convert -11 (base 7) to base 16.
-8
Convert 54 (base 10) to base 14.
3c
12 (base 10) to base 4
30
117 (base 12) to base 14
b9
What is 0 (base 8) in base 12?
0
12 (base 3) to base 14
5
-21 (base 4) to base 16
-9
Convert 20 (base 5) to base 16.
a
What is -2 (base 8) in base 15?
-2
2 (base 16) to base 3
2
What is 11 (base 3) in base 12?
4
Convert -2 (base 4) to base 13.
-2
What is 21 (base 10) in base 15?
16
Convert -1 (base 6) to base 16.
-1
Convert 50 (base 16) to base 13.
62
What is 12 (base 4) in base 7?
6
Convert 3 (base 13) to base 2.
11
-440 (base 7) to base 11
-194
What is 101 (base 3) in base 7?
13
Convert -11d (base 14) to base 15.
-ed
Convert 4 (base 9) to base 12.
4
Convert -10 (base 5) to base 11.
-5
What is 4 (base 13) in base 5?
4
Convert -232 (base 5) to base 6.
-151
32 (base 6) to base 8
24
0 (base 3) to base 13
0
122 (base 5) to base 3
1101
What is -8 (base 11) in base 5?
-13
Convert -10001110 (base 2) to base 16.
-8e
-5 (base 12) to base 11
-5
Convert 10 (base 4) to base 10.
4
Convert -22 (base 3) to base 6.
-12
Convert 2 (base 10) to base 7.
2
Convert -6 (base 7) to base 13.
-6
Convert 176 (base 14) to base 9.
363
What is -19 (base 14) in base 2?
-10111
Convert -323 (base 5) to base 11.
-80
What is -3 (base 16) in base 5?
-3
-2 (base 7) to base 15
-2
What is 4 (base 7) in base 13?
4
Convert -3 (base 10) to base 11.
-3
-1 (base 4) to base 15
-1
Convert -312 (base 6) to base 11.
-a6
What is 1a (base 15) in base 4?
121
Convert 4 (base 13) to base 11.
4
Convert -2 (base 3) to base 2.
-10
100 (base 12) to base 14
a4
What is -163 (base 7) in base 6?
-234
Convert 11101 (base 2) to base 7.
41
What is -3 (base 15) in base 11?
-3
What is 49 (base 16) in base 14?
53
-11 (base 8) to base 2
-1001
Convert -3 (base 9) to base 3.
-10
Convert 16 (base 8) to base 16.
e
Convert 12 (base 3) to base 10.
5
-3 (base 5) to base 4
-3
Convert -7 (base 16) to base 6.
-11
Convert 26 (base 15) to base 13.
2a
-12 (base 9) to base 15
-b
What is 1 (base 8) in base 12?
1
What is 